/(30/5). Give d(v).
-4
Let s(a) = a**3 + 3*a**2 - 5*a + 1. Let i be (110/(-33))/(4/(-6)). Suppose -2*f + 17 = q, -4*q - 9 = 5*f - 50. Let x = i - f. Determine s(x).
5
Let i(f) = 3*f**2 + 11*f + 19. Let a(u) = u**2 + 4*u + 7. Let s(r) = -8*a(r) + 3*i(r). What is s(0)?
1
Let z(d) = 32*d**2 - 2*d. Let r be (666/72 + -9)/((-2)/8). Calculate z(r).
34
Let g(a) = -a**2 + a. Let d be g(3). Let j be d/8 + (-28)/(-16). Let k(x) = -j + x + 7 + 11*x**2 - 5. Calculate k(-1).
11
Let h be 2 - ((-90)/42 - (-1)/7). Let w(s) = -2*s**2 - s - 2. What is w(h)?
-38
Let z(l) = 2*l - 3. Let q(t) = 2*t**2 - 16*t - 14. Suppose -6*o = -10*o + 36. Let j be q(o). What is z(j)?
5
Let f(k) be the first derivative of -k**2/2 - 9*k - 615. Calculate f(-6).
-3
Let s(z) be the third derivative of -z**6/120 - 2*z**5/15 + z**4/3 + 3*z**3/2 - 107*z**2. Determine s(-9).
18
Let u(s) = 2*s**2 + 5*s - 3. Let d be (75/60)/((-1)/4). Calculate u(d).
22
Let w(c) = 2*c**2 - 4*c + 2. Suppose 35*l + 8 = 39*l. Give w(l).
2
Let f(p) = -13*p**3 + 3*p**2 - 7*p - 5. Let b = 69 + -62. Let d(s) = 7*s**3 - s**2 + 3*s + 2. Let t(l) = b*d(l) + 3*f(l). Determine t(-1).
-9
Suppose 386 = 51*j - 124. Let m(k) = k**3 - 10*k**2 - 2*k - 6. What is m(j)?
-26
Let c(s) = s + 6. Let a be c(-8). Let g(f) = -f. Let j(m) = -3*m - 4. Let d(h) = -1. Let l(i) = 5*d(i) - j(i). Let w(u) = -6*g(u) - l(u). Determine w(a).
-5
Let j(l) = l**3 - 5*l**2 - 6*l + 4. Let w be j(6). Let h(k) be the second derivative of 2*k**3/3 - k**2/2 + 15*k. What is h(w)?
15
Let l(y) = y - 8. Let s be l(13). Let k(x) = 5 - 3 - x - 1 - x. Determine k(s).
-9
Let u(r) be the first derivative of r**4/12 - 11*r**3/6 + 9*r**2/2 + 38*r + 22. Let o(y) be the first derivative of u(y). Determine o(10).
-1
Let u(o) = -6*o**3 + 2*o**2 - 5*o + 2. Let m(a) = -19*a**3 + 5*a**2 - 16*a + 7. Let w(n) = -2*m(n) + 7*u(n). Calculate w(2).
-22
Let g(s) = -2*s**2 + 2*s - 4. Let n = 224 - 221. What is g(n)?
-16
Let a(q) = q**3 + 5*q**2 - 6*q + 7. Let o(d) = d**2 - 7*d + 9. Let b(c) = c**2 - 7*c + 8. Let n(v) = 5*b(v) - 4*o(v). Let t be n(2). Give a(t).
7
Suppose 0 = -9*b + 6*b + 45. Let l be (b/(-3) + 5)/2. Let t(w) = -w**2 - w - 3. Calculate t(l).
-3
Let v(y) = 50*y**2 + y - 53*y**2 - 6 - 3. Let m(t) = -4*t**2 - 10. Let g(r) = -4*m(r) + 5*v(r). Calculate g(-5).
-5
Let f(z) = 0*z**2 - 3 + z**3 + 0*z**2 + 4*z**2 - 2*z. Suppose -10 + 46 = -9*b. Give f(b).
5
Let x(t) = 631*t - 309*t - 319*t. Give x(-2).
-6
Let b(g) = g + 3. Let d(s) = 2*s + 2. Let p = 135 + -137. Let y(m) = p*d(m) + 3*b(m). Let k = 2 - 2. Determine y(k).
5
Let j(v) be the second derivative of -v**8/6720 - v**7/504 - v**6/360 + v**5/60 - 23*v**4/12 - 12*v. Let t(p) be the third derivative of j(p). What is t(-5)?
12
Let l(y) = -3*y**3 - y**2 - 2*y - 1. Let u be ((-3)/(-2))/((-35)/(-14) + -2). Suppose -n - u*z + 7 = -5*n, 4*z - 8 = 4*n. Calculate l(n).
3
Let k(v) = 6*v**3 - 2*v**2 + 2*v - 1. Let b = 27 - 26. Let q be k(b). Let o(n) be the second derivative of -n**4/6 + n**3 + 3*n**2 - n. What is o(q)?
-14
Let u(j) = 5*j. Suppose 0*k + 3*k - 11 = 5*r, -16 = r + 4*k. Let w be -3*r/(-24)*2. Determine u(w).
-5
Let h(r) = -r. Let t(f) = -f. Let d(b) = -h(b) - t(b). Let v be (3 - 1) + -4 + 5. Suppose 4*m - 19 = -5*g, 3*m = 6*m - v*g + 6. Determine d(m).
2
Let x be 0*(-4 + (-4 - (-60)/8)). Let f(c) = 5 - 3*c**2 + 2*c**2 - 2 - 1. Calculate f(x).
2
Let d(u) = 9*u + 24. Let h(f) = -5*f - 12. Let a(l) = 4*d(l) + 7*h(l). Suppose -2*j + x + 0*x + 59 = 0, 4*x = -5*j + 115. Let k = j + -33. Calculate a(k).
6
Suppose 30 = 4*r - 5*o, 0*o = o + 2. Let h(i) = -i**3 + 2*i**2 + 19*i - 14. What is h(r)?
6
Let a(o) be the first derivative of 10 - 8*o**2 - 7*o**2 + 6 + o + 13*o**2. Give a(-1).
5
Let p(g) = 4*g - 3. Let h = 97 - 93. Suppose c + 22 = -h*y + 6, -3*y = -5*c + 35. Determine p(c).
13
Let b(p) = -1581*p + 4 - 6*p**2 - p**3 + 2*p**3 + 1584*p. Determine b(5).
-6
Let x(r) = r**2 - 5*r - 1. Let g(y) = 10*y - 35. Let d be g(4). Calculate x(d).
-1
Let y(t) = -t + 5. Let m be y(7). Let d(j) = -2 + 3*j**3 + 2298*j**2 + 10*j - 2294*j**2 - 9*j. What is d(m)?
-12
Let x(z) be the second derivative of z**4/12 - z**3 + 7*z**2/2 - 55*z. Determine x(5).
2
Suppose -5*d - 1 + 23 = -3*k, -4*k - 16 = -4*d. Let o(m) = -m**3 + 6*m**2 - 4*m + 6. Give o(d).
11
Let f(m) = -2 + 3*m + 2*m + 3*m**3 + m**2 - 5*m + 2*m. What is f(1)?
4
Let v(m) = 3 + 21 + 31*m - 7 - 7 - 28*m. What is v(0)?
10
Let i = 633 + -624. Let b(r) = -r**2 + 8*r. Determine b(i).
-9
Let o(f) = 23*f**3 + 7*f**3 - 28*f**3 - 2*f**2. Let r(w) = 2*w**3 - 3*w**2 - 1. Let q(k) = -3*o(k) + 2*r(k). Calculate q(2).
-18
Let z(b) be the first derivative of 2*b**2 + 13. What is z(2)?
8
Let b(i) be the second derivative of -i**3/6 + 2*i**2 + 14*i. Let z = -80 - -80. Determine b(z).
4
Let j(u) = -u**2 - 4*u + 11. Let r be j(-5). Let i be 88/14 + r/(-21). Let p(s) = 6 + 0*s + s - 2*s. Give p(i).
0
Let v(k) be the first derivative of -k**4/4 + 7*k**3/3 - 2*k**2 - 8*k - 3. Let s be v(6). Let y(t) = -2*t + s*t**3 - t - 3*t + 1 + 7*t + t**2. Determine y(-1).
-3
Let x(h) = -h - 1. Let g be (-7 + 1)/(-1) - 4. Let y(v) = 1. Let o(q) = g*y(q) - x(q). What is o(-3)?
0
Let v = 314 + -320. Let b(g) = g**3 + 4*g**2 - 12*g + 7. Give b(v).
7
Let t(m) = 2*m + 4. Suppose 0 = g - 0*g - 3*x - 12, -g - 2*x - 13 = 0. What is t(g)?
-2
Let t = -47 - -67. Suppose -15 - t = 5*i. Let h(g) = -3*g - 7. Determine h(i).
14
Let a(t) = 2*t**2 - 9*t - 1. Let y(q) = -4*q**2 + 10*q - 1. Let o(g) = 4*a(g) + 3*y(g). Give o(-2).
-11
Let z(u) be the second derivative of 0*u**2 - 1/6*u**3 + 4*u + 0. Let x(s) = -2*s. Let l(g) = -x(g) + 3*z(g). Calculate l(4).
-4
Let r(y) = 4*y**2. Suppose 3*p + 3*b - 15 = 0, 3*p - 8 = -2*b + 4. Let f be -3 + 6 - (p + 0). Let j be r(f). Let a(u) = -u**2 + 5*u + 4. Determine a(j).
8
Let a(m) = 2*m + 6*m - 9*m + 4 + m**3 + 3*m**2. Let v be a(-3). Let d(y) = y**2 - 9*y + 15. Let n be d(v). Let s(t) = 6*t**3 + 2*t**2 - 1. Calculate s(n).
7
Let f(k) = 13*k**2 - 12*k - 12. Let a(i) = -37*i**2 + 35*i + 36. Let g(w) = -6*a(w) - 17*f(w). Give g(8).
4
Let t(f) be the second derivative of f + 0*f**2 - 1/6*f**3 - 33 + 3/4*f**4. Let y = 3 - 4. Give t(y).
10
Suppose 4*f = -8, -3*i - 6 = -5*i + 2*f. Let p(t) = -2*t**3 + 2*t**2 - t. What is p(i)?
-1
Let q(u) = -3*u**3 + 4*u**3 + 2*u + 11 - 5*u + 2*u. Let i(j) be the second derivative of -j**5/20 + 2*j**4/3 - 9*j. Let n be i(8). What is q(n)?
11
Let v(t) = t**2 - 2*t - 4. Let r(d) = -d**2 - 4*d + 2. Let j be r(-5). Give v(j).
11
Let m(q) = -167*q + 3*q**3 + 3*q**2 + 161*q - 2*q**3 - 3. Let l be m(-4). Let b(y) = -y**2 + 5*y - 4. What is b(l)?
-4
Let s be 10 + (-1)/4*0. Let z = -7 + s. Suppose z*d - 20 = -d. Let k(j) = j**2 - 3*j - 4. Determine k(d).
6
Let l(q) = -7*q - 30. Let a(j) = 4*j + 30. Let c(o) = 3*a(o) + 2*l(o). What is c(15)?
0
Let v(f) = -3*f + 1. Let x be (-21)/14*8/(-12). Give v(x).
-2
Let b(t) = 14*t + 2. Let s be 3 - (8 + -8 + 4). Determine b(s).
-12
Let n(r) be the third derivative of r**4/24 + 2*r**3/3 - 27*r**2 + 2*r. Calculate n(-5).
-1
Let o(g) = 5*g - 3. Let b be (15/(-6) + 2)/((-2)/224). Suppose q = -53 + b. Give o(q).
12
Let f(d) = 3*d**3 + 12*d**2 - 15*d - 12. Let s(a) = a**3 + a**2 - a. Let q(t) = f(t) - 2*s(t). What is q(-11)?
10
Let h(x) = -x**3 + 2*x**2 + 2*x + 1. Let m be 4/10 - (-36)/10. Let r = -62 + 74. Let b be (18/r)/(2/m). Calculate h(b).
-2
Let j(m) be the third derivative of m**6/120 - 7*m**5/60 + m**4/24 + 4*m**3/3 + 1128*m**2. Suppose 4*f - 29 = -1. Give j(f).
15
Let f(k) = -5*k**2 - 6*k + 8. Let q(a) = -12*a**2 - 12*a + 15. Let y(g) = 5*f(g) - 2*q(g). Give y(-7).
3
Let c be ((-6)/(-4))/((-6)/(-8)). Let m be ((-8)/6)/(c/(-6)). Let q(f) = -2*f + 3 + 4*f - m + 8 - f**2. What is q(5)?
-8
Let a = 28 + -29. Let p(m) be the first derivative of -2*m**2 + 17. Calculate p(a).
4
Suppose -5 = -5*f, -n + 6 = 5*f - 3*f. Let y(x) be the second derivative of x**4/12 - x**3/3 - 2*x**2 + 16*x. Determine y(n).
4
Let a be (-5 - 0)*510/(-75). Let c(h) = 6 - a*h + 71*h - 35*h. Give c(5).
16
Let c(b) = 2*b + 3*b - 2 - 4*b. Let g = 18 - 15. Suppose -n + g*o + 12 = 0, -1 + 9 = 5*n - 2*o. Determine c(n).
-2
Suppose 6*i = 2*i - t + 3, 3*t + 19 = 2*i. Let r(h) = -4*h**3 - h**2 - 6*h + 4. Let z(p) = 3*p**3 + p**2 + 5*p - 3. Let v(q) = 4*r(q) + 5*z(q). 